{"id":87,"date":"2023-06-08T22:30:32","date_gmt":"2023-06-09T01:30:32","guid":{"rendered":"https:\/\/noticiapelomundo.com\/?page_id=87"},"modified":"2023-07-18T13:27:29","modified_gmt":"2023-07-18T16:27:29","slug":"sobre-nos","status":"publish","type":"page","link":"https:\/\/noticiapelomundo.com\/index.php\/sobre-nos\/","title":{"rendered":"Sobre N\u00f3s"},"content":{"rendered":"\n<p class=\"has-text-align-left has-small-font-size\">O site de not\u00edcias pelo mundo \u00e9 uma plataforma online que fornece informa\u00e7\u00f5es atualizadas sobre eventos e acontecimentos relevantes que ocorrem em diferentes pa\u00edses ao redor do globo. Esses sites t\u00eam como objetivo oferecer uma cobertura abrangente e imparcial dos principais assuntos em diversos campos, como pol\u00edtica, economia, ci\u00eancia, tecnologia, cultura, esportes e muito mais.<\/p>\n","protected":false},"excerpt":{"rendered":"<p>O site de not\u00edcias pelo mundo \u00e9 uma plataforma online que fornece informa\u00e7\u00f5es atualizadas sobre eventos e acontecimentos relevantes que ocorrem em diferentes pa\u00edses ao<\/p>\n","protected":false},"author":1,"featured_media":0,"parent":0,"menu_order":0,"comment_status":"closed","ping_status":"closed","template":"","meta":{"footnotes":""},"aioseo_notices":[],"_links":{"self":[{"href":"https:\/\/noticiapelomundo.com\/index.php\/wp-json\/wp\/v2\/pages\/87"}],"collection":[{"href":"https:\/\/noticiapelomundo.com\/index.php\/wp-json\/wp\/v2\/pages"}],"about":[{"href":"https:\/\/noticiapelomundo.com\/index.php\/wp-json\/wp\/v2\/types\/page"}],"author":[{"embeddable":true,"href":"https:\/\/noticiapelomundo.com\/index.php\/wp-json\/wp\/v2\/users\/1"}],"replies":[{"embeddable":true,"href":"https:\/\/noticiapelomundo.com\/index.php\/wp-json\/wp\/v2\/comments?post=87"}],"version-history":[{"count":4,"href":"https:\/\/noticiapelomundo.com\/index.php\/wp-json\/wp\/v2\/pages\/87\/revisions"}],"predecessor-version":[{"id":179,"href":"https:\/\/noticiapelomundo.com\/index.php\/wp-json\/wp\/v2\/pages\/87\/revisions\/179"}],"wp:attachment":[{"href":"https:\/\/noticiapelomundo.com\/index.php\/wp-json\/wp\/v2\/media?parent=87"}],"curies":[{"name":"wp","href":"https:\/\/api.w.org\/{rel}","templated":true}]}}